to base 2
10001101001001010
Convert -141160 (base 9) to base 10.
-86157
What is -642532 (base 7) in base 8?
-331450
Convert 17a398 (base 12) to base 7.
3333422
101001002 (base 4) to base 11
48402
What is -abc45e (base 15) in base 2?
-11111010000000001110010
What is 2418a5 (base 14) in base 13?
342754
Convert 155a5 (base 13) to base 9.
61528
Convert 153008 (base 9) to base 5.
11002144
-8567 (base 14) to base 13
-a630
Convert -6604a (base 15) to base 11.
-20152a
What is 2336765 (base 12) in base 13?
153a712
What is -55022 (base 11) in base 3?
-11001120200
Convert -122243143 (base 5) to base 6.
-20330550
-1100722 (base 9) to base 13
-179066
-1101140 (base 11) to base 13
-529457
Convert -73a936 (base 12) to base 16.
-1bcfba
-646ba7 (base 13) to base 14
-455060
Convert 1010110100111101 (base 2) to base 16.
ad3d
-1450410 (base 6) to base 5
-10200030
What is 101324425 (base 6) in base 13?
49500b
Convert 126635 (base 10) to base 16.
1eeab
What is -4304122 (base 5) in base 14?
-1c564
12013344 (base 7) to base 9
1888360
14248484 (base 9) to base 16
6bb76b
Convert 1212302131 (base 4) to base 3.
210101112101
-31715 (base 15) to base 16
-264ad
What is 22144043 (base 5) in base 14?
50800
b48cc (base 16) to base 14
15371a
-27318 (base 13) to base 15
-16989
What is -23000012 (base 4) in base 12?
-220b2
Convert -aa8284 (base 13) to base 11.
-22a3780
What is 2010120200000 (base 3) in base 4?
10110230220
What is 436737 (base 8) in base 10?
146911
-10201133 (base 5) to base 2
-10100101000111111
Convert 3002523 (base 6) to base 15.
2b9d0
-453605 (base 7) to base 13
-2a890
What is 378a99 (base 16) in base 8?
15705231
Convert 100001001011000101 (base 2) to base 6.
2525021
What is -1000111000010001010 (base 2) in base 10?
-290954
What is 6407575 (base 8) in base 5?
414123101
2542212 (base 6) to base 5
13403023
Convert 311012231 (base 4) to base 15.
446b2
Convert 15da60 (base 15) to base 8.
4023633
Convert -330210300 (base 4) to base 12.
-bb700
What is 8139 (base 10) in base 7?
32505
Convert 502631 (base 8) to base 10.
165273
111100111000101001 (base 2) to base 10
249385
Convert -784a6 (base 12) to base 5.
-20102203
What is 40449 (base 14) in base 2?
100101101110010001
Convert 81d9 (base 15) to base 7.
142653
736194 (base 14) to base 4
32313113212
Convert 1244110130 (base 5) to base 10.
3113165
What is 133021000030 (base 4) in base 12?
28981a4
What is -c1b6 (base 16) in base 9?
-75020
Convert -3022522 (base 6) to base 14.
-3a278
4b6bb (base 12) to base 8
311057
Convert 1daa81 (base 15) to base 4.
11202320311
What is -47971b (base 13) in base 4?
-12200201133
Convert -520a35 (base 11) to base 13.
-233562
23201033112 (base 4) to base 11
1782853
286325a (base 11) to base 7
56564512
231003221 (base 4) to base 10
184553
What is -15417 (base 12) in base 6?
-350431
What is -41686 (base 16) in base 12?
-10b05a
221021011 (base 3) to base 13
84ca
2980a (base 12) to base 4
32031022
Convert -10222202002 (base 3) to base 15.
-18415
What is -4452524 (base 6) in base 9?
-372367
-1281806 (base 9) to base 3
-1022201220020
Convert -57645 (base 10) to base 6.
-1122513
14332421 (base 5) to base 4
211022230
Convert -1223235 (base 9) to base 10.
-665042
What is -1220433 (base 6) in base 14?
-19965
747602 (base 9) to base 2
1101100101011111010
Convert -322310233 (base 4) to base 15.
-4b5cd
What is -a4885 (base 12) in base 6?
-4341445
Convert 33980 (base 11) to base 15.
e82d
Convert 7393a (base 14) to base 6.
5551252
-3a34a (base 14) to base 16
-22fee
Convert -2939ac (base 13) to base 4.
-3312010101
86432a (base 12) to base 7
24016621
Convert 110000012002 (base 3) to base 2.
111001101100101101
21011001201 (base 3) to base 13
4c0a5
100011111100111010 (base 2) to base 6
3053430
Convert 11925a (base 11) to base 3.
100112212011
Convert -121212443 (base 5) to base 3.
-1001221112210
What is -152857 (base 13) in base 15?
-a40b1
-33230030020 (base 4) to base 8
-17541410
Convert -1a553a (base 13) to base 11.
-417514
Convert -10012122110001 (base 3) to base 11.
-a65375
Convert 3c47ee (base 15) to base 3.
12110101022122
What is -475167 (base 10) in base 6?
-14103503
1487a (base 15) to base 11
45687
30141432 (base 7) to base 3
11200220001210
-22131036 (base 7) to base 5
-442004024
390237 (base 14) to base 8
7363351
What is 85156a (base 12) in base 5?
1014044431
1c98 (base 16) to base 8
16230
What is 13763a (base 12) in base 10?
324046
426622 (base 7) to base 14
1d182
Convert -331220032 (base 4) to base 16.
-3da0e
Convert 3685158 (base 9) to base 5.
1003124014
What is -44332a (base 12) in base 16?
-108a12
Convert -2020000121111 (base 3) to base 6.
-41153321
12121110120 (base 3) to base 13
3b349
c3a0c3 (base 13) to base 4
101122012000
What is -206f9 (base 16) in base 4?
-200123321
What is -7536325 (base 11) in base 7?
-220460315
120202321 (base 4) to base 14
288d3
What is -1163350 (base 7) in base 3?
-21121212021
Convert -a67f18 (base 16) to base 6.
-1025512132
What is b427 (base 12) in base 3?
222220111
10010110111000101100 (base 2) to base 3
1011101202221
Convert -1a5c8a (base 13) to base 14.
-136274
What is 663a2 (base 11) in base 13?
34ab3
What is -104827 (base 10) in base 16?
-1997b
What is -10110010101111110101101 (base 2) in base 8?
-26257655
-2326715 (base 11) to base 4
-33200102112
What is 1003233404 (base 5) in base 4?
13222120130
-1cd044 (base 15) to base 9
-2580241
Convert 3221131232 (base 4) to base 16.
e976e
305451242 (base 6) to base 14
9c31d8
Convert d70b (base 16) to base 13.
1c099
631677 (base 8) to base 9
348772
What is 11100111010011 (base 2) in base 11?
10138
What is -481a342 (base 11) in base 5?
-4122344022
-12300013003 (base 4) to base 10
-1769923
Convert 34120334 (base 5) to base 12.
126480
Convert 2024aa (base 11) to base 3.
121112022200
Convert -16740 (base 8) to base 4.
-1313200
Convert -6117a (base 15) to base 12.
-129b21
What is a479e0 (base 15) in base 5?
4000301420
Convert 11551fd (base 16) to base 8.
105250775
What is 33a85 (base 15) in base 4?
220020113
Convert -504470 (base 10) to base 5.
-112120340
What is 201441240 (base 5) in base 13?
22581c
2952693 (base 11) to base 12
1845738
Convert 100101101111001 (base 2) to base 13.
8a43
-215952 (base 10) to base 7
-1556412
What is 3131323202 (base 4) in base 12?
37a082
783c4 (base 14) to base 13
a2978
46c2a (base 13) to base 5
13120430
What is 100200211000002 (base 3) in base 14?
982051
What is 21442543 (base 6) in base 8?
2350577
Convert -1880902 (base 11) to base 12.
-1093290
What is -3432334 (base 6) in base 9?
-286684
-a295b0 (base 12) to base 10
-2546196
-1336535 (base 7) to base 11
-111487
Convert -78746 (base 11) to base 4.
-123311300
What is 300301245 (base 6) in base 11?
2948587
-142505230 (base 7) to base 9
-18576117
1212022021122 (base 3) to base 12
3b9038
What is 433279 (base 10) in base 4?
1221301333
-1babfa (base 16) to base 10
-1813498
What is 2210000002 (base 3) in base 6?
1101045
What is -2701c8 (base 14) in base 12?
-54a398
-674475 (base 8) to base 16
-3793d
What is -75377 (base 12) in base 11?
-a5a37
What is 130000 (base 11) in base 13?
723b3
Convert -33c2b (base 15) to base 3.
-22100222112
Convert 16620340 (base 7) to base 10.
1635256
Convert -210300 (base 8) to base 6.
-1255132
Convert -2b5c49 (base 13) to base 5.
-233213311
-8c3d3d (base 14) to base 5
-2210240134
What is 57968 (base 16) in base 4?
1113211220
What is -313752 (base 11) in base 3?
-221112120012
What is 1135604 (base 9) in base 16?
95fa4
-ebbaa5 (base 16) to base 7
-245212030
What is 8237b (base 16) in base 13?
158a07
What is -365263 (base 10) in base 2?
-1011001001011001111
Convert -10111110100110101 (base 2) to base 15.
-1ddae
What is 26203063 (base 7) in base 15?
3226cd
-147332 (base 9) to base 15
-1bce8
Convert 213150 (base 7) to base 10.
37128
-414234124 (base 5) to base 10
-1711789
b8252 (base 14) to base 3
211121102012
What is -1011101110100011100010 (base 2) in base 15?
-40ad69
What is 154714 (base 10) in base 12?
7564a
256262 (base 10) to base 12
104372
What is -110000111011100010000 (base 2) in base 11?
-9a5686
-5431053 (base 6) to base 10
-268521
Convert 10203040 (base 6) to base 7.
2342304
Convert -2223042 (base 6) to base 11.
-77277
What is -101332120 (base 4) in base 16?
-11f98
Convert -118201 (base 14) to base 15.
-bc55a
-51a